{"id":1196,"date":"2021-03-15T14:57:24","date_gmt":"2021-03-15T20:57:24","guid":{"rendered":"http:\/\/ajtel.net\/W\/?page_id=1196"},"modified":"2026-01-09T14:39:19","modified_gmt":"2026-01-09T20:39:19","slug":"emprendedores","status":"publish","type":"page","link":"https:\/\/ajtel.net\/W\/emprendedores\/","title":{"rendered":"emprendedores"},"content":{"rendered":"\t\t<div data-elementor-type=\"wp-page\" data-elementor-id=\"1196\" class=\"elementor elementor-1196\" data-elementor-post-type=\"page\">\n\t\t\t\t\t\t<section class=\"elementor-section elementor-top-section elementor-element elementor-element-1b850f1 elementor-section-boxed elementor-section-height-default elementor-section-height-default exad-glass-effect-no exad-sticky-section-no\" data-id=\"1b850f1\" data-element_type=\"section\" data-e-type=\"section\">\n\t\t\t\t\t\t<div class=\"elementor-container elementor-column-gap-default\">\n\t\t\t\t\t<div class=\"elementor-column elementor-col-100 elementor-top-column elementor-element elementor-element-ad0d9c1 exad-glass-effect-no exad-sticky-section-no\" data-id=\"ad0d9c1\" data-element_type=\"column\" data-e-type=\"column\">\n\t\t\t<div class=\"elementor-widget-wrap elementor-element-populated\">\n\t\t\t\t\t\t<section class=\"elementor-section elementor-inner-section elementor-element elementor-element-6a45abb elementor-section-boxed elementor-section-height-default elementor-section-height-default exad-glass-effect-no exad-sticky-section-no\" data-id=\"6a45abb\" data-element_type=\"section\" data-e-type=\"section\">\n\t\t\t\t\t\t<div class=\"elementor-container elementor-column-gap-default\">\n\t\t\t\t\t<div class=\"elementor-column elementor-col-100 elementor-inner-column elementor-element elementor-element-273ba3c exad-glass-effect-no exad-sticky-section-no\" data-id=\"273ba3c\" data-element_type=\"column\" data-e-type=\"column\">\n\t\t\t<div class=\"elementor-widget-wrap elementor-element-populated\">\n\t\t\t\t\t\t<div class=\"elementor-element elementor-element-ca9700a elementor-align-center exad-sticky-section-no exad-glass-effect-no elementor-widget elementor-widget-lottie\" data-id=\"ca9700a\" data-element_type=\"widget\" data-e-type=\"widget\" data-settings=\"{&quot;source_json&quot;:{&quot;url&quot;:&quot;https:\\\/\\\/ajtel.net\\\/W\\\/wp-content\\\/uploads\\\/2021\\\/03\\\/39387-business-team.json&quot;,&quot;id&quot;:519,&quot;size&quot;:&quot;&quot;},&quot;loop&quot;:&quot;yes&quot;,&quot;source&quot;:&quot;media_file&quot;,&quot;caption_source&quot;:&quot;none&quot;,&quot;link_to&quot;:&quot;none&quot;,&quot;trigger&quot;:&quot;arriving_to_viewport&quot;,&quot;viewport&quot;:{&quot;unit&quot;:&quot;%&quot;,&quot;size&quot;:&quot;&quot;,&quot;sizes&quot;:{&quot;start&quot;:0,&quot;end&quot;:100}},&quot;play_speed&quot;:{&quot;unit&quot;:&quot;px&quot;,&quot;size&quot;:1,&quot;sizes&quot;:[]},&quot;start_point&quot;:{&quot;unit&quot;:&quot;%&quot;,&quot;size&quot;:0,&quot;sizes&quot;:[]},&quot;end_point&quot;:{&quot;unit&quot;:&quot;%&quot;,&quot;size&quot;:100,&quot;sizes&quot;:[]},&quot;renderer&quot;:&quot;svg&quot;}\" data-widget_type=\"lottie.default\">\n\t\t\t\t\t<div class=\"e-lottie__container\"><div class=\"e-lottie__animation\"><\/div><\/div>\t\t\t\t<\/div>\n\t\t\t\t<div class=\"elementor-element elementor-element-ac84fa5 exad-sticky-section-no exad-glass-effect-no elementor-widget elementor-widget-heading\" data-id=\"ac84fa5\" data-element_type=\"widget\" data-e-type=\"widget\" data-widget_type=\"heading.default\">\n\t\t\t\t\t<h2 class=\"elementor-heading-title elementor-size-default\">EMPRENDEDORES<\/h2>\t\t\t\t<\/div>\n\t\t\t\t\t<\/div>\n\t\t<\/div>\n\t\t\t\t\t<\/div>\n\t\t<\/section>\n\t\t\t\t\t<\/div>\n\t\t<\/div>\n\t\t\t\t\t<\/div>\n\t\t<\/section>\n\t\t\t\t<section class=\"elementor-section elementor-top-section elementor-element elementor-element-5fdc872 elementor-section-boxed elementor-section-height-default elementor-section-height-default exad-glass-effect-no exad-sticky-section-no\" data-id=\"5fdc872\" data-element_type=\"section\" data-e-type=\"section\">\n\t\t\t\t\t\t<div class=\"elementor-container elementor-column-gap-default\">\n\t\t\t\t\t<div class=\"elementor-column elementor-col-100 elementor-top-column elementor-element elementor-element-ddbc2e5 exad-glass-effect-no exad-sticky-section-no\" data-id=\"ddbc2e5\" data-element_type=\"column\" data-e-type=\"column\">\n\t\t\t<div class=\"elementor-widget-wrap elementor-element-populated\">\n\t\t\t\t\t\t<div class=\"elementor-element elementor-element-da4b7be exad-sticky-section-no exad-glass-effect-no elementor-widget elementor-widget-text-editor\" data-id=\"da4b7be\" data-element_type=\"widget\" data-e-type=\"widget\" data-widget_type=\"text-editor.default\">\n\t\t\t\t\t\t\t\t\t<style>\n.ajtel-emprende-container { max-width: 1100px; margin: 0 auto; font-family: Arial, sans-serif; }\n.ajtel-emprende-card { background: rgba(255,255,255,0.95); backdrop-filter: blur(20px); -webkit-backdrop-filter: blur(20px); border-radius: 24px; overflow: hidden; box-shadow: 0 20px 50px rgba(0,0,0,0.15); border: 1px solid rgba(255,255,255,0.3); }\n.ajtel-emprende-header { background: linear-gradient(135deg, #1a73e8 0%, #34a853 100%); padding: 40px 30px; text-align: center; }\n.ajtel-emprende-title { font-size: 2em; color: white; font-weight: 700; margin: 0 0 10px 0; text-shadow: 0 2px 10px rgba(0,0,0,0.1); }\n.ajtel-emprende-icon { margin-right: 12px; font-size: 1.1em; }\n.ajtel-emprende-subtitle { font-size: 1.1em; color: rgba(255,255,255,0.95); margin: 0; }\n.ajtel-emprende-body { padding: 40px 30px; }\n\n\/* Ventajas Section *\/\n.ajtel-emprende-ventajas { margin-bottom: 50px; }\n.ajtel-emprende-ventajas-title { font-size: 1.6em; color: #1a73e8; font-weight: 700; margin: 0 0 10px 0; text-align: center; }\n.ajtel-emprende-ventajas-desc { font-size: 1em; color: #555; text-align: center; margin: 0 0 30px 0; line-height: 1.6; }\n.ajtel-emprende-ventajas-grid { display: grid; grid-template-columns: repeat(auto-fit, minmax(280px, 1fr)); gap: 20px; }\n.ajtel-emprende-ventaja { background: rgba(26, 115, 232, 0.05); border-radius: 16px; padding: 25px; border: 1px solid rgba(26, 115, 232, 0.1); transition: all 0.3s ease; }\n.ajtel-emprende-ventaja:hover { transform: translateY(-5px); box-shadow: 0 15px 35px rgba(26, 115, 232, 0.15); border-color: rgba(52, 168, 83, 0.3); }\n.ajtel-emprende-ventaja-icon { font-size: 2em; margin-bottom: 12px; }\n.ajtel-emprende-ventaja-title { font-size: 1.1em; color: #1a73e8; font-weight: 700; margin: 0 0 8px 0; }\n.ajtel-emprende-ventaja-text { font-size: 0.9em; color: #555; line-height: 1.6; margin: 0; }\n.ajtel-emprende-ventaja-text strong { color: #34a853; }\n\n\/* Plans Section *\/\n.ajtel-emprende-plans-title { font-size: 1.5em; color: #1a73e8; font-weight: 700; margin: 0 0 25px 0; text-align: center; }\n.ajtel-emprende-plans { display: grid; grid-template-columns: repeat(2, 1fr); gap: 30px; }\n\n.ajtel-emprende-plan { background: rgba(255,255,255,0.9); border-radius: 20px; overflow: hidden; border: 2px solid rgba(26, 115, 232, 0.15); transition: all 0.4s ease; display: flex; flex-direction: column; position: relative; }\n.ajtel-emprende-plan:hover { transform: translateY(-10px); box-shadow: 0 25px 50px rgba(26, 115, 232, 0.2); border-color: rgba(26, 115, 232, 0.3); }\n\n.ajtel-emprende-plan.popular { border-color: #34a853; }\n.ajtel-emprende-plan.popular::before { content: \"Populares\"; position: absolute; top: 15px; right: -30px; background: #34a853; color: white; padding: 5px 40px; font-size: 0.75em; font-weight: 700; transform: rotate(45deg); z-index: 10; }\n\n.ajtel-emprende-plan-img-container { padding: 20px; display: flex; justify-content: center; align-items: center; background: #f8f9fa; }\n.ajtel-emprende-plan-image { width: 100%; max-width: 280px; height: 200px; object-fit: contain; border-radius: 12px; background: white; box-shadow: 0 4px 15px rgba(0,0,0,0.1); }\n\n.ajtel-emprende-plan-header { padding: 25px; text-align: center; background: linear-gradient(135deg, rgba(26, 115, 232, 0.08) 0%, rgba(52, 168, 83, 0.08) 100%); }\n.ajtel-emprende-plan-name { font-size: 1.4em; color: #1a73e8; font-weight: 700; margin: 0 0 10px 0; }\n.ajtel-emprende-plan-desc { font-size: 0.9em; color: #555; margin: 0; line-height: 1.5; }\n\n.ajtel-emprende-plan-price { padding: 30px 25px; text-align: center; border-bottom: 1px solid rgba(26, 115, 232, 0.1); }\n.ajtel-emprende-plan-currency { font-size: 1.3em; color: #1a73e8; font-weight: 600; vertical-align: top; }\n.ajtel-emprende-plan-amount { font-size: 3.5em; color: #1a73e8; font-weight: 700; line-height: 1; }\n.ajtel-emprende-plan-cents { font-size: 1.3em; color: #1a73e8; font-weight: 600; vertical-align: top; }\n.ajtel-emprende-plan-period { display: block; font-size: 0.95em; color: #888; margin-top: 8px; }\n.ajtel-emprende-plan-special { font-size: 2.2em; color: #1a73e8; font-weight: 700; line-height: 1.3; }\n\n.ajtel-emprende-plan-features { padding: 25px; flex: 1; }\n.ajtel-emprende-plan-features ul { list-style: none; padding: 0; margin: 0; }\n.ajtel-emprende-plan-features li { display: flex; align-items: flex-start; gap: 12px; padding: 10px 0; border-bottom: 1px solid rgba(26, 115, 232, 0.08); font-size: 0.9em; color: #444; line-height: 1.5; }\n.ajtel-emprende-plan-features li:last-child { border-bottom: none; }\n.ajtel-emprende-plan-check { color: #34a853; font-weight: bold; flex-shrink: 0; font-size: 1.1em; }\n\n.ajtel-emprende-plan-footer { padding: 25px; }\n.ajtel-emprende-plan-btn { display: block; width: 100%; padding: 16px 20px; background: linear-gradient(135deg, #1a73e8 0%, #34a853 100%); color: white; text-decoration: none; border-radius: 30px; font-weight: 700; font-size: 1.05em; text-align: center; transition: all 0.3s ease; box-shadow: 0 8px 20px rgba(26, 115, 232, 0.3); }\n.ajtel-emprende-plan-btn:hover { transform: translateY(-3px); box-shadow: 0 12px 30px rgba(26, 115, 232, 0.4); }\n\n@media (max-width: 900px) {\n  .ajtel-emprende-plans { grid-template-columns: 1fr; max-width: 500px; margin: 0 auto; }\n  .ajtel-emprende-plan.popular::before { right: -25px; }\n}\n@media (max-width: 768px) {\n  .ajtel-emprende-title { font-size: 1.6em; }\n  .ajtel-emprende-header { padding: 30px 20px; }\n  .ajtel-emprende-body { padding: 30px 20px; }\n  .ajtel-emprende-ventajas-grid { grid-template-columns: 1fr; }\n}\n<\/style>\n\n<div class=\"ajtel-emprende-container\">\n  <div class=\"ajtel-emprende-card\">\n    <div class=\"ajtel-emprende-header\">\n      <h1 class=\"ajtel-emprende-title\"><span class=\"ajtel-emprende-icon\">\ud83d\ude80<\/span>EMPRENDEDORES<\/h1>\n      <p class=\"ajtel-emprende-subtitle\">Impulsa tu negocio con AJTEL<\/p>\n    <\/div>\n    \n    <div class=\"ajtel-emprende-body\">\n      <!-- Ventajas Section -->\n      <div class=\"ajtel-emprende-ventajas\">\n        <h2 class=\"ajtel-emprende-ventajas-title\">\u2b50 Ventajas sobre la Competencia<\/h2>\n        <p class=\"ajtel-emprende-ventajas-desc\">En AJTEL, nos destacamos por estar siempre a la vanguardia, ofreciendo soluciones \u00fanicas que impulsan tu negocio.<\/p>\n        \n        <div class=\"ajtel-emprende-ventajas-grid\">\n          <div class=\"ajtel-emprende-ventaja\">\n            <div class=\"ajtel-emprende-ventaja-icon\">\u2696\ufe0f<\/div>\n            <h3 class=\"ajtel-emprende-ventaja-title\">Cumplimiento Legal<\/h3>\n            <p class=\"ajtel-emprende-ventaja-text\">\u00danicos en ofrecer marcaci\u00f3n a servicios de emergencia, con migraci\u00f3n al <strong>911<\/strong> conforme a la ley.<\/p>\n          <\/div>\n          \n          <div class=\"ajtel-emprende-ventaja\">\n            <div class=\"ajtel-emprende-ventaja-icon\">\ud83d\udca1<\/div>\n            <h3 class=\"ajtel-emprende-ventaja-title\">Innovaci\u00f3n Constante<\/h3>\n            <p class=\"ajtel-emprende-ventaja-text\">Desarrollamos servicios innovadores para mantener a nuestros clientes a la vanguardia tecnol\u00f3gica.<\/p>\n          <\/div>\n          \n          <div class=\"ajtel-emprende-ventaja\">\n            <div class=\"ajtel-emprende-ventaja-icon\">\ud83c\udfa7<\/div>\n            <h3 class=\"ajtel-emprende-ventaja-title\">Atenci\u00f3n al Cliente<\/h3>\n            <p class=\"ajtel-emprende-ventaja-text\">Escuchamos a nuestros clientes y superamos sus expectativas con un servicio excepcional.<\/p>\n          <\/div>\n          \n          <div class=\"ajtel-emprende-ventaja\">\n            <div class=\"ajtel-emprende-ventaja-icon\">\u2699\ufe0f<\/div>\n            <h3 class=\"ajtel-emprende-ventaja-title\">Personalizaci\u00f3n F\u00e1cil<\/h3>\n            <p class=\"ajtel-emprende-ventaja-text\">Servicios dise\u00f1ados para ser intuitivos y adaptables a cualquier mercado.<\/p>\n          <\/div>\n          \n          <div class=\"ajtel-emprende-ventaja\">\n            <div class=\"ajtel-emprende-ventaja-icon\">\ud83c\udf31<\/div>\n            <h3 class=\"ajtel-emprende-ventaja-title\">Sostenibilidad<\/h3>\n            <p class=\"ajtel-emprende-ventaja-text\">Ofrecemos servicios virtuales que apoyan la preservaci\u00f3n del medio ambiente.<\/p>\n          <\/div>\n          \n          <div class=\"ajtel-emprende-ventaja\">\n            <div class=\"ajtel-emprende-ventaja-icon\">\ud83d\udd17<\/div>\n            <h3 class=\"ajtel-emprende-ventaja-title\">Integraci\u00f3n Perfecta<\/h3>\n            <p class=\"ajtel-emprende-ventaja-text\">Somos la pieza clave para que tu empresa funcione sin problemas en cualquier escenario.<\/p>\n          <\/div>\n          \n          <div class=\"ajtel-emprende-ventaja\">\n            <div class=\"ajtel-emprende-ventaja-icon\">\u2764\ufe0f<\/div>\n            <h3 class=\"ajtel-emprende-ventaja-title\">Pasi\u00f3n por el Servicio<\/h3>\n            <p class=\"ajtel-emprende-ventaja-text\">Amamos lo que hacemos, y nuestros clientes son nuestra raz\u00f3n de ser.<\/p>\n          <\/div>\n        <\/div>\n      <\/div>\n      \n      <!-- Plans Section -->\n      <h2 class=\"ajtel-emprende-plans-title\">\ud83d\udcb0 Programas de Referidos<\/h2>\n      <div class=\"ajtel-emprende-plans\">\n        <!-- Refiere a tus Amigos -->\n        <div class=\"ajtel-emprende-plan popular\">\n          <div class=\"ajtel-emprende-plan-img-container\">\n            <img decoding=\"async\" src=\"https:\/\/i0.wp.com\/ajtel.net\/W\/wp-content\/uploads\/2021\/03\/Referidos.png\" alt=\"Refiere a tus Amigos\" class=\"ajtel-emprende-plan-image\">\n          <\/div>\n          <div class=\"ajtel-emprende-plan-header\">\n            <h3 class=\"ajtel-emprende-plan-name\">Refiere a tus Amigos<\/h3>\n            <p class=\"ajtel-emprende-plan-desc\">Refiere a tus amigos o familiares que contraten con nosotros y obt\u00e9n un pago \u00fanico por su contrataci\u00f3n<\/p>\n          <\/div>\n          <div class=\"ajtel-emprende-plan-price\">\n            <span class=\"ajtel-emprende-plan-currency\">$<\/span>\n            <span class=\"ajtel-emprende-plan-amount\">550<\/span>\n            <span class=\"ajtel-emprende-plan-cents\">00<\/span>\n            <span class=\"ajtel-emprende-plan-period\">MXN \/ POR CLIENTE<\/span>\n          <\/div>\n          <div class=\"ajtel-emprende-plan-features\">\n            <ul>\n              <li><span class=\"ajtel-emprende-plan-check\">\u2714<\/span> Cualquier Servicio<\/li>\n              <li><span class=\"ajtel-emprende-plan-check\">\u2714<\/span> Costo m\u00ednimo deber\u00e1 ser de $550.00 MXN o m\u00e1s<\/li>\n              <li><span class=\"ajtel-emprende-plan-check\">\u2714<\/span> No generas responsabilidad alguna<\/li>\n              <li><span class=\"ajtel-emprende-plan-check\">\u2714<\/span> Nosotros daremos todo el servicio post venta<\/li>\n              <li><span class=\"ajtel-emprende-plan-check\">\u2714<\/span> Nosotros Facturaremos<\/li>\n            <\/ul>\n          <\/div>\n          <div class=\"ajtel-emprende-plan-footer\">\n            <a href=\"tel:+525585265555\" class=\"ajtel-emprende-plan-btn\">\ud83d\udcde LL\u00c1MANOS<\/a>\n          <\/div>\n        <\/div>\n        \n        <!-- Clientes que refieren Clientes -->\n        <div class=\"ajtel-emprende-plan\">\n          <div class=\"ajtel-emprende-plan-img-container\">\n            <img decoding=\"async\" src=\"https:\/\/i0.wp.com\/ajtel.net\/W\/wp-content\/uploads\/2021\/02\/asesor-1.jpg\" alt=\"Clientes que refieren Clientes\" class=\"ajtel-emprende-plan-image\">\n          <\/div>\n          <div class=\"ajtel-emprende-plan-header\">\n            <h3 class=\"ajtel-emprende-plan-name\">Clientes que refieren Clientes<\/h3>\n            <p class=\"ajtel-emprende-plan-desc\">Plan dise\u00f1ado para Clientes o empresas que desean ganar dinero sin mucho tr\u00e1mite. Refiere a tus amigos o familiares que contraten con nosotros.<\/p>\n          <\/div>\n          <div class=\"ajtel-emprende-plan-price\">\n            <span class=\"ajtel-emprende-plan-special\">1 mes de tu renta<\/span>\n            <span class=\"ajtel-emprende-plan-period\">POR CLIENTE<\/span>\n          <\/div>\n          <div class=\"ajtel-emprende-plan-features\">\n            <ul>\n              <li><span class=\"ajtel-emprende-plan-check\">\u2714<\/span> Cualquier Servicio<\/li>\n              <li><span class=\"ajtel-emprende-plan-check\">\u2714<\/span> Costo m\u00ednimo deber\u00e1 ser mayor o igual a tus consumos mensuales<\/li>\n              <li><span class=\"ajtel-emprende-plan-check\">\u2714<\/span> No generas responsabilidad alguna<\/li>\n              <li><span class=\"ajtel-emprende-plan-check\">\u2714<\/span> Nosotros daremos todo el servicio post venta<\/li>\n              <li><span class=\"ajtel-emprende-plan-check\">\u2714<\/span> Nosotros Facturaremos<\/li>\n            <\/ul>\n          <\/div>\n          <div class=\"ajtel-emprende-plan-footer\">\n            <a href=\"tel:+525585263600\" class=\"ajtel-emprende-plan-btn\">\ud83d\udcde LL\u00c1MANOS<\/a>\n          <\/div>\n        <\/div>\n      <\/div>\n    <\/div>\n  <\/div>\n<\/div>\t\t\t\t\t\t\t\t<\/div>\n\t\t\t\t\t<\/div>\n\t\t<\/div>\n\t\t\t\t\t<\/div>\n\t\t<\/section>\n\t\t\t\t<section class=\"elementor-section elementor-top-section elementor-element elementor-element-ee06838 elementor-section-boxed elementor-section-height-default elementor-section-height-default exad-glass-effect-no exad-sticky-section-no\" data-id=\"ee06838\" data-element_type=\"section\" data-e-type=\"section\">\n\t\t\t\t\t\t<div class=\"elementor-container elementor-column-gap-default\">\n\t\t\t\t\t<div class=\"elementor-column elementor-col-100 elementor-top-column elementor-element elementor-element-6585c2a exad-glass-effect-no exad-sticky-section-no\" data-id=\"6585c2a\" data-element_type=\"column\" data-e-type=\"column\">\n\t\t\t<div class=\"elementor-widget-wrap\">\n\t\t\t\t\t\t\t<\/div>\n\t\t<\/div>\n\t\t\t\t\t<\/div>\n\t\t<\/section>\n\t\t\t\t<\/div>\n\t\t","protected":false},"excerpt":{"rendered":"<p>EMPRENDEDORES \ud83d\ude80EMPRENDEDORES Impulsa tu negocio con AJTEL \u2b50 Ventajas sobre la Competencia En AJTEL, nos destacamos por estar siempre a la vanguardia, ofreciendo soluciones \u00fanicas que impulsan tu negocio. \u2696\ufe0f Cumplimiento Legal \u00danicos en ofrecer marcaci\u00f3n a servicios de emergencia, con migraci\u00f3n al 911 conforme a la ley. \ud83d\udca1 Innovaci\u00f3n Constante Desarrollamos servicios innovadores para [&hellip;]<\/p>\n","protected":false},"author":1,"featured_media":0,"parent":0,"menu_order":0,"comment_status":"closed","ping_status":"closed","template":"","meta":{"advanced_seo_description":"","jetpack_seo_html_title":"","jetpack_seo_noindex":false,"footnotes":""},"class_list":["post-1196","page","type-page","status-publish","hentry"],"jetpack_sharing_enabled":true,"_links":{"self":[{"href":"https:\/\/ajtel.net\/W\/wp-json\/wp\/v2\/pages\/1196","targetHints":{"allow":["GET"]}}],"collection":[{"href":"https:\/\/ajtel.net\/W\/wp-json\/wp\/v2\/pages"}],"about":[{"href":"https:\/\/ajtel.net\/W\/wp-json\/wp\/v2\/types\/page"}],"author":[{"embeddable":true,"href":"https:\/\/ajtel.net\/W\/wp-json\/wp\/v2\/users\/1"}],"replies":[{"embeddable":true,"href":"https:\/\/ajtel.net\/W\/wp-json\/wp\/v2\/comments?post=1196"}],"version-history":[{"count":27,"href":"https:\/\/ajtel.net\/W\/wp-json\/wp\/v2\/pages\/1196\/revisions"}],"predecessor-version":[{"id":5783,"href":"https:\/\/ajtel.net\/W\/wp-json\/wp\/v2\/pages\/1196\/revisions\/5783"}],"wp:attachment":[{"href":"https:\/\/ajtel.net\/W\/wp-json\/wp\/v2\/media?parent=1196"}],"curies":[{"name":"wp","href":"https:\/\/api.w.org\/{rel}","templated":true}]}}