{"id":1239,"date":"2021-03-15T15:39:06","date_gmt":"2021-03-15T21:39:06","guid":{"rendered":"http:\/\/ajtel.net\/W\/?page_id=1239"},"modified":"2026-01-09T20:18:47","modified_gmt":"2026-01-10T02:18:47","slug":"recargas","status":"publish","type":"page","link":"https:\/\/ajtel.net\/W\/recargas\/","title":{"rendered":"recargas"},"content":{"rendered":"\t\t<div data-elementor-type=\"wp-page\" data-elementor-id=\"1239\" class=\"elementor elementor-1239\" data-elementor-post-type=\"page\">\n\t\t\t\t\t\t<section class=\"elementor-section elementor-top-section elementor-element elementor-element-ba72aba elementor-section-boxed elementor-section-height-default elementor-section-height-default exad-glass-effect-no exad-sticky-section-no\" data-id=\"ba72aba\" data-element_type=\"section\" data-e-type=\"section\">\n\t\t\t\t\t\t<div class=\"elementor-container elementor-column-gap-default\">\n\t\t\t\t\t<div class=\"elementor-column elementor-col-100 elementor-top-column elementor-element elementor-element-43c1f12 exad-glass-effect-no exad-sticky-section-no\" data-id=\"43c1f12\" data-element_type=\"column\" data-e-type=\"column\">\n\t\t\t<div class=\"elementor-widget-wrap elementor-element-populated\">\n\t\t\t\t\t\t<div class=\"elementor-element elementor-element-993520c exad-sticky-section-no exad-glass-effect-no elementor-widget elementor-widget-heading\" data-id=\"993520c\" data-element_type=\"widget\" data-e-type=\"widget\" data-widget_type=\"heading.default\">\n\t\t\t\t\t<h2 class=\"elementor-heading-title elementor-size-default\">SERVICIO DE RECARGAS CELULARES (MUNDIALES) y PROCESAMIENTO DE PAGOS<\/h2>\t\t\t\t<\/div>\n\t\t\t\t\t<\/div>\n\t\t<\/div>\n\t\t\t\t\t<\/div>\n\t\t<\/section>\n\t\t\t\t<section class=\"elementor-section elementor-top-section elementor-element elementor-element-5e74290 elementor-section-boxed elementor-section-height-default elementor-section-height-default exad-glass-effect-no exad-sticky-section-no\" data-id=\"5e74290\" data-element_type=\"section\" data-e-type=\"section\">\n\t\t\t\t\t\t<div class=\"elementor-container elementor-column-gap-default\">\n\t\t\t\t\t<div class=\"elementor-column elementor-col-100 elementor-top-column elementor-element elementor-element-134b63a exad-glass-effect-no exad-sticky-section-no\" data-id=\"134b63a\" data-element_type=\"column\" data-e-type=\"column\">\n\t\t\t<div class=\"elementor-widget-wrap elementor-element-populated\">\n\t\t\t\t\t\t<section class=\"elementor-section elementor-inner-section elementor-element elementor-element-1004f24 elementor-section-boxed elementor-section-height-default elementor-section-height-default exad-glass-effect-no exad-sticky-section-no\" data-id=\"1004f24\" data-element_type=\"section\" data-e-type=\"section\">\n\t\t\t\t\t\t<div class=\"elementor-container elementor-column-gap-default\">\n\t\t\t\t\t<div class=\"elementor-column elementor-col-50 elementor-inner-column elementor-element elementor-element-dedd770 exad-glass-effect-no exad-sticky-section-no\" data-id=\"dedd770\" data-element_type=\"column\" data-e-type=\"column\">\n\t\t\t<div class=\"elementor-widget-wrap elementor-element-populated\">\n\t\t\t\t\t\t<div class=\"elementor-element elementor-element-109752b exad-sticky-section-no exad-glass-effect-no elementor-widget elementor-widget-image\" data-id=\"109752b\" data-element_type=\"widget\" data-e-type=\"widget\" data-widget_type=\"image.default\">\n\t\t\t\t\t\t\t\t\t\t\t\t\t\t\t<img fetchpriority=\"high\" decoding=\"async\" width=\"434\" height=\"309\" src=\"https:\/\/i0.wp.com\/ajtel.net\/W\/wp-content\/uploads\/2021\/03\/rkg.png?fit=434%2C309&amp;ssl=1\" class=\"attachment-large size-large wp-image-1240\" alt=\"\" srcset=\"https:\/\/i0.wp.com\/ajtel.net\/W\/wp-content\/uploads\/2021\/03\/rkg.png?w=434&amp;ssl=1 434w, https:\/\/i0.wp.com\/ajtel.net\/W\/wp-content\/uploads\/2021\/03\/rkg.png?resize=300%2C214&amp;ssl=1 300w\" sizes=\"(max-width: 434px) 100vw, 434px\" \/>\t\t\t\t\t\t\t\t\t\t\t\t\t\t\t<\/div>\n\t\t\t\t\t<\/div>\n\t\t<\/div>\n\t\t\t\t<div class=\"elementor-column elementor-col-50 elementor-inner-column elementor-element elementor-element-d1005f6 exad-glass-effect-no exad-sticky-section-no\" data-id=\"d1005f6\" data-element_type=\"column\" data-e-type=\"column\">\n\t\t\t<div class=\"elementor-widget-wrap elementor-element-populated\">\n\t\t\t\t\t\t<div class=\"elementor-element elementor-element-1f052a4 elementor-align-center exad-sticky-section-no exad-glass-effect-no elementor-widget elementor-widget-lottie\" data-id=\"1f052a4\" data-element_type=\"widget\" data-e-type=\"widget\" data-settings=\"{&quot;source_json&quot;:{&quot;url&quot;:&quot;https:\\\/\\\/ajtel.net\\\/W\\\/wp-content\\\/uploads\\\/2021\\\/03\\\/49590-celular.json&quot;,&quot;id&quot;:1248,&quot;size&quot;:&quot;&quot;},&quot;loop&quot;:&quot;yes&quot;,&quot;source&quot;:&quot;media_file&quot;,&quot;caption_source&quot;:&quot;none&quot;,&quot;link_to&quot;:&quot;none&quot;,&quot;trigger&quot;:&quot;arriving_to_viewport&quot;,&quot;viewport&quot;:{&quot;unit&quot;:&quot;%&quot;,&quot;size&quot;:&quot;&quot;,&quot;sizes&quot;:{&quot;start&quot;:0,&quot;end&quot;:100}},&quot;play_speed&quot;:{&quot;unit&quot;:&quot;px&quot;,&quot;size&quot;:1,&quot;sizes&quot;:[]},&quot;start_point&quot;:{&quot;unit&quot;:&quot;%&quot;,&quot;size&quot;:0,&quot;sizes&quot;:[]},&quot;end_point&quot;:{&quot;unit&quot;:&quot;%&quot;,&quot;size&quot;:100,&quot;sizes&quot;:[]},&quot;renderer&quot;:&quot;svg&quot;}\" data-widget_type=\"lottie.default\">\n\t\t\t\t\t<div class=\"e-lottie__container\"><div class=\"e-lottie__animation\"><\/div><\/div>\t\t\t\t<\/div>\n\t\t\t\t\t<\/div>\n\t\t<\/div>\n\t\t\t\t\t<\/div>\n\t\t<\/section>\n\t\t\t\t<div class=\"elementor-element elementor-element-4811e0b exad-sticky-section-no exad-glass-effect-no elementor-widget elementor-widget-html\" data-id=\"4811e0b\" data-element_type=\"widget\" data-e-type=\"widget\" data-widget_type=\"html.default\">\n\t\t\t\t\t<!DOCTYPE html>\r\n<html lang=\"es\">\r\n<head>\r\n    <meta charset=\"UTF-8\">\r\n    <meta name=\"viewport\" content=\"width=device-width, initial-scale=1.0\">\r\n    <title>Recargas - AJTEL Comunicaciones<\/title>\r\n    <style>\r\n* { margin: 0; padding: 0; box-sizing: border-box; }\r\nbody { font-family: 'Segoe UI', Tahoma, Geneva, Verdana, sans-serif; background: transparent; }\r\n.ajtel-container { max-width: 1200px; margin: 0 auto; padding: 50px 25px; }\r\n\r\n\/* T\u00edtulos *\/\r\n.ajtel-main-title { text-align: center; font-size: 2.8em; color: #1a73e8; margin-bottom: 15px; font-weight: 700; letter-spacing: -0.5px; }\r\n.ajtel-subtitle { text-align: center; color: #666; margin-bottom: 60px; font-size: 1.2em; font-weight: 500; }\r\n\r\n\/* Hero Banner *\/\r\n.ajtel-hero-banner { background: linear-gradient(135deg, rgba(26,115,232,0.15) 0%, rgba(52,168,83,0.1) 100%); backdrop-filter: blur(20px); border-radius: 20px; padding: 60px 50px; margin-bottom: 50px; border: 1px solid rgba(255,255,255,0.4); box-shadow: 0 15px 40px rgba(0,0,0,0.15); position: relative; overflow: hidden; }\r\n.ajtel-hero-banner::before { content: ''; position: absolute; top: -50%; right: -10%; width: 400px; height: 400px; background: radial-gradient(circle, rgba(52,168,83,0.2) 0%, transparent 70%); border-radius: 50%; pointer-events: none; }\r\n.ajtel-hero-content { position: relative; z-index: 1; }\r\n.ajtel-hero-banner h2 { color: #1a73e8; font-size: 2.4em; margin-bottom: 25px; font-weight: 700; }\r\n.ajtel-hero-banner p { color: #333; font-size: 1.1em; line-height: 1.8; margin-bottom: 15px; }\r\n.ajtel-hero-banner strong { color: #34a853; font-weight: 700; }\r\n\r\n\/* Info Grid *\/\r\n.ajtel-info-grid { display: grid; grid-template-columns: repeat(auto-fit, minmax(280px, 1fr)); gap: 25px; margin: 50px 0; }\r\n.ajtel-info-box { background: rgba(255,255,255,0.85); backdrop-filter: blur(20px); border-radius: 16px; padding: 35px; border: 1px solid rgba(255,255,255,0.4); box-shadow: 0 10px 30px rgba(0,0,0,0.08); transition: all 0.35s cubic-bezier(0.23, 1, 0.320, 1); position: relative; overflow: hidden; }\r\n.ajtel-info-box::before { content: ''; position: absolute; top: 0; left: 0; right: 0; height: 4px; background: linear-gradient(90deg, #1a73e8 0%, #34a853 100%); }\r\n.ajtel-info-box:hover { transform: translateY(-8px); box-shadow: 0 20px 50px rgba(0,0,0,0.12); }\r\n.ajtel-info-box-icon { font-size: 2.5em; margin-bottom: 15px; }\r\n.ajtel-info-box h3 { color: #1a73e8; font-size: 1.4em; margin-bottom: 12px; font-weight: 700; }\r\n.ajtel-info-box p { color: #333; font-size: 1em; line-height: 1.7; }\r\n\r\n\/* Platforms Grid *\/\r\n.ajtel-platforms-section { margin: 60px 0; }\r\n.ajtel-platforms-title { text-align: center; color: #1a73e8; font-size: 2em; margin-bottom: 50px; font-weight: 700; }\r\n.ajtel-platforms-grid { display: grid; grid-template-columns: repeat(auto-fit, minmax(160px, 1fr)); gap: 20px; }\r\n.ajtel-platform-card { background: rgba(255,255,255,0.85); backdrop-filter: blur(20px); border-radius: 16px; padding: 30px 20px; border: 1px solid rgba(255,255,255,0.4); box-shadow: 0 10px 30px rgba(0,0,0,0.08); text-align: center; transition: all 0.35s cubic-bezier(0.23, 1, 0.320, 1); position: relative; }\r\n.ajtel-platform-card::before { content: ''; position: absolute; top: 0; left: 0; right: 0; height: 3px; background: linear-gradient(90deg, #1a73e8 0%, #34a853 100%); border-radius: 16px 16px 0 0; }\r\n.ajtel-platform-card:hover { transform: translateY(-10px) scale(1.05); box-shadow: 0 20px 50px rgba(0,0,0,0.15); }\r\n.ajtel-platform-icon { font-size: 3.5em; margin-bottom: 15px; }\r\n.ajtel-platform-name { color: #1a73e8; font-size: 1.1em; font-weight: 700; }\r\n\r\n\/* Section *\/\r\n.ajtel-section { background: rgba(255,255,255,0.85); backdrop-filter: blur(20px); border-radius: 20px; overflow: hidden; margin-bottom: 40px; border: 1px solid rgba(255,255,255,0.4); box-shadow: 0 15px 40px rgba(0,0,0,0.15); transition: all 0.3s ease; }\r\n.ajtel-section:hover { transform: translateY(-5px); box-shadow: 0 20px 50px rgba(0,0,0,0.2); }\r\n.ajtel-section-header { background: linear-gradient(135deg, #1a73e8 0%, #34a853 100%); padding: 25px 30px; }\r\n.ajtel-section-header h3 { color: white; font-size: 1.8em; font-weight: 700; margin: 0; }\r\n.ajtel-section-body { padding: 40px 30px; }\r\n.ajtel-section-body h4 { color: #1a73e8; font-size: 1.4em; margin-bottom: 15px; font-weight: 700; }\r\n.ajtel-section-body p { color: #333; font-size: 1em; line-height: 1.8; margin-bottom: 15px; }\r\n.ajtel-section-body ul { margin: 20px 0; padding-left: 0; list-style: none; }\r\n.ajtel-section-body li { padding: 12px 0; padding-left: 30px; position: relative; font-size: 0.95em; color: #333; line-height: 1.6; }\r\n.ajtel-section-body li::before { content: '\u2714'; position: absolute; left: 0; color: #34a853; font-weight: 700; font-size: 1.2em; }\r\n\r\n\/* Form Section *\/\r\n.ajtel-form-section { background: linear-gradient(135deg, rgba(26,115,232,0.1) 0%, rgba(52,168,83,0.08) 100%); backdrop-filter: blur(20px); border-radius: 20px; padding: 50px; margin: 60px 0; border: 1px solid rgba(26,115,232,0.25); box-shadow: 0 10px 30px rgba(0,0,0,0.08); position: relative; overflow: hidden; }\r\n.ajtel-form-section::before { content: ''; position: absolute; top: -50%; right: -10%; width: 400px; height: 400px; background: radial-gradient(circle, rgba(52,168,83,0.15) 0%, transparent 70%); border-radius: 50%; pointer-events: none; }\r\n.ajtel-form-title { text-align: center; color: #1a73e8; font-size: 2em; margin-bottom: 40px; font-weight: 700; position: relative; z-index: 1; }\r\n.ajtel-form-grid { display: grid; grid-template-columns: repeat(auto-fit, minmax(250px, 1fr)); gap: 20px; margin-bottom: 20px; position: relative; z-index: 1; }\r\n.ajtel-form-group { display: flex; flex-direction: column; }\r\n.ajtel-form-label { color: #1a73e8; font-weight: 700; margin-bottom: 8px; font-size: 0.95em; }\r\n.ajtel-form-input, .ajtel-form-select, .ajtel-form-textarea { padding: 12px 16px; border: 1.5px solid rgba(26,115,232,0.3); border-radius: 10px; font-size: 0.95em; background: rgba(255,255,255,0.9); transition: all 0.3s ease; font-family: inherit; }\r\n.ajtel-form-input:focus, .ajtel-form-select:focus, .ajtel-form-textarea:focus { outline: none; border-color: #1a73e8; background: white; box-shadow: 0 0 0 3px rgba(26,115,232,0.1); }\r\n.ajtel-form-checkbox { display: flex; align-items: flex-start; gap: 12px; margin: 20px 0; }\r\n.ajtel-form-checkbox input { accent-color: #34a853; width: 20px; height: 20px; cursor: pointer; }\r\n.ajtel-form-checkbox label { color: #333; font-size: 0.9em; line-height: 1.6; cursor: pointer; }\r\n.ajtel-form-button { grid-column: 1 \/ -1; padding: 16px 40px; background: linear-gradient(135deg, #1a73e8 0%, #34a853 100%); color: white; border: none; border-radius: 10px; font-weight: 700; font-size: 1.05em; cursor: pointer; transition: all 0.35s cubic-bezier(0.23, 1, 0.320, 1); box-shadow: 0 10px 25px rgba(26,115,232,0.35); margin-top: 10px; }\r\n.ajtel-form-button:hover { transform: translateY(-3px); box-shadow: 0 15px 40px rgba(26,115,232,0.45); }\r\n.ajtel-form-button:disabled { opacity: 0.7; cursor: not-allowed; }\r\n.ajtel-alert { padding: 15px 20px; border-radius: 10px; margin-bottom: 20px; position: relative; z-index: 1; display: none; }\r\n.ajtel-alert-success { background: rgba(52,168,83,0.2); color: #34a853; border: 1px solid rgba(52,168,83,0.4); }\r\n.ajtel-alert-error { background: rgba(220,53,69,0.2); color: #dc3545; border: 1px solid rgba(220,53,69,0.4); }\r\n\r\n\/* CTA Section *\/\r\n.ajtel-cta { background: linear-gradient(135deg, rgba(26,115,232,0.12) 0%, rgba(52,168,83,0.08) 100%); backdrop-filter: blur(20px); border-radius: 20px; padding: 60px 50px; text-align: center; border: 2px solid rgba(26,115,232,0.25); margin: 60px 0; transition: all 0.3s ease; position: relative; overflow: hidden; box-shadow: 0 10px 30px rgba(0,0,0,0.06); }\r\n.ajtel-cta::before { content: ''; position: absolute; top: -50%; right: -10%; width: 350px; height: 350px; background: radial-gradient(circle, rgba(52,168,83,0.15) 0%, transparent 70%); border-radius: 50%; pointer-events: none; }\r\n.ajtel-cta:hover { transform: translateY(-5px); border-color: rgba(52,168,83,0.35); }\r\n.ajtel-cta p { color: #1a73e8; font-size: 1.6em; font-weight: 700; position: relative; z-index: 1; margin-bottom: 25px; }\r\n.ajtel-cta-button { display: inline-block; padding: 16px 45px; background: linear-gradient(135deg, #1a73e8 0%, #34a853 100%); color: white; text-decoration: none; border-radius: 28px; font-weight: 700; font-size: 1.1em; transition: all 0.35s cubic-bezier(0.23, 1, 0.320, 1); box-shadow: 0 10px 25px rgba(26,115,232,0.35); position: relative; z-index: 1; }\r\n.ajtel-cta-button:hover { transform: translateY(-4px); box-shadow: 0 15px 40px rgba(26,115,232,0.45); }\r\n\r\n\/* Footer *\/\r\n.ajtel-footer { text-align: center; padding: 50px 40px; background: linear-gradient(135deg, rgba(255,255,255,0.9) 0%, rgba(240,248,255,0.8) 100%); backdrop-filter: blur(20px); border-radius: 20px; border: 1px solid rgba(255,255,255,0.5); box-shadow: 0 10px 35px rgba(0,0,0,0.08); margin-top: 60px; }\r\n.ajtel-footer h3 { color: #1a73e8; margin-bottom: 20px; font-size: 1.7em; font-weight: 700; }\r\n.ajtel-footer p { color: #555; font-size: 1.02em; line-height: 1.7; }\r\n\r\n\/* Responsive *\/\r\n@media(max-width:768px) {\r\n  .ajtel-main-title { font-size: 2em; }\r\n  .ajtel-subtitle { font-size: 1em; margin-bottom: 40px; }\r\n  .ajtel-hero-banner { padding: 40px 25px; }\r\n  .ajtel-hero-banner h2 { font-size: 1.8em; }\r\n  .ajtel-info-grid { grid-template-columns: 1fr; }\r\n  .ajtel-platforms-grid { grid-template-columns: repeat(2, 1fr); gap: 15px; }\r\n  .ajtel-section-body { padding: 25px; }\r\n  .ajtel-form-section { padding: 35px 25px; }\r\n  .ajtel-form-grid { grid-template-columns: 1fr; }\r\n  .ajtel-cta { padding: 35px 25px; }\r\n  .ajtel-cta p { font-size: 1.2em; }\r\n  .ajtel-cta-button { padding: 12px 35px; font-size: 1em; }\r\n  .ajtel-footer { padding: 35px 25px; }\r\n}\r\n    <\/style>\r\n<\/head>\r\n<body>\r\n<div class=\"ajtel-container\">\r\n  <!-- T\u00edtulo -->\r\n  <h1 class=\"ajtel-main-title\">Recargas Celulares<\/h1>\r\n  <p class=\"ajtel-subtitle\">Vende recargas y cobra servicios con AJTEL<\/p>\r\n\r\n  <!-- Hero Banner -->\r\n  <div class=\"ajtel-hero-banner\">\r\n    <div class=\"ajtel-hero-content\">\r\n      <h2>Gana dinero con Recargas<\/h2>\r\n      <p>\u00bfTienes un negocio? Vende recargas y gana comisiones del <strong>5% al 7%<\/strong> por cada recarga.<\/p>\r\n      <p>\u00bfOrganizas un evento? Implementa un m\u00f3dulo de recargas y obt\u00e9n hasta un <strong>6% de comisi\u00f3n<\/strong> por recarga durante tu evento.<\/p>\r\n      <p>Cont\u00e1ctanos, somos tu mejor opci\u00f3n. Aplicaci\u00f3n de pagos disponible de 09:00 a 21:00, lunes a domingo.<\/p>\r\n    <\/div>\r\n  <\/div>\r\n\r\n  <!-- Info Boxes -->\r\n  <div class=\"ajtel-info-grid\">\r\n    <div class=\"ajtel-info-box\">\r\n      <div class=\"ajtel-info-box-icon\">\u26a1<\/div>\r\n      <h3>Procesamiento R\u00e1pido<\/h3>\r\n      <p>Manejamos hasta <strong>2,500 recargas por minuto<\/strong> en nuestro portal, con recepci\u00f3n de pagos todos los d\u00edas.<\/p>\r\n    <\/div>\r\n\r\n    <div class=\"ajtel-info-box\">\r\n      <div class=\"ajtel-info-box-icon\">\ud83d\udcf1<\/div>\r\n      <h3>M\u00faltiples Plataformas<\/h3>\r\n      <p>Procesa recargas desde cualquier dispositivo. Web, m\u00f3vil, redes sociales y m\u00e1s.<\/p>\r\n    <\/div>\r\n\r\n    <div class=\"ajtel-info-box\">\r\n      <div class=\"ajtel-info-box-icon\">\ud83d\udcb0<\/div>\r\n      <h3>Comisiones Atractivas<\/h3>\r\n      <p>Gana comisiones competitivas por cada recarga procesada. Hasta 7% de ganancia.<\/p>\r\n    <\/div>\r\n  <\/div>\r\n\r\n  <!-- Platforms Section -->\r\n  <div class=\"ajtel-platforms-section\">\r\n    <h2 class=\"ajtel-platforms-title\">Plataformas Disponibles<\/h2>\r\n    <div class=\"ajtel-platforms-grid\">\r\n      <div class=\"ajtel-platform-card\">\r\n        <div class=\"ajtel-platform-icon\">\ud83c\udf10<\/div>\r\n        <p class=\"ajtel-platform-name\">P\u00e1gina Web<\/p>\r\n      <\/div>\r\n      <div class=\"ajtel-platform-card\">\r\n        <div class=\"ajtel-platform-icon\">\ud83d\udcac<\/div>\r\n        <p class=\"ajtel-platform-name\">WhatsApp<\/p>\r\n      <\/div>\r\n      <div class=\"ajtel-platform-card\">\r\n        <div class=\"ajtel-platform-icon\">\ud83d\udcf2<\/div>\r\n        <p class=\"ajtel-platform-name\">Telegram<\/p>\r\n      <\/div>\r\n      <div class=\"ajtel-platform-card\">\r\n        <div class=\"ajtel-platform-icon\">\u2615<\/div>\r\n        <p class=\"ajtel-platform-name\">Java<\/p>\r\n      <\/div>\r\n      <div class=\"ajtel-platform-card\">\r\n        <div class=\"ajtel-platform-icon\">\ud83c\udf4e<\/div>\r\n        <p class=\"ajtel-platform-name\">iOS<\/p>\r\n      <\/div>\r\n      <div class=\"ajtel-platform-card\">\r\n        <div class=\"ajtel-platform-icon\">\ud83e\udd16<\/div>\r\n        <p class=\"ajtel-platform-name\">Android<\/p>\r\n      <\/div>\r\n      <div class=\"ajtel-platform-card\">\r\n        <div class=\"ajtel-platform-icon\">\ud83d\udcde<\/div>\r\n        <p class=\"ajtel-platform-name\">SMS<\/p>\r\n      <\/div>\r\n    <\/div>\r\n  <\/div>\r\n\r\n  <!-- Features Section -->\r\n  <div class=\"ajtel-section\">\r\n    <div class=\"ajtel-section-header\">\r\n      <h3>\u00bfPor qu\u00e9 elegir AJTEL?<\/h3>\r\n    <\/div>\r\n    <div class=\"ajtel-section-body\">\r\n      <ul>\r\n        <li>Procesamiento hasta 2,500 recargas por minuto<\/li>\r\n        <li>7 plataformas diferentes para vender<\/li>\r\n        <li>Comisiones competitivas (5% a 7%)<\/li>\r\n        <li>Recepci\u00f3n de pagos todos los d\u00edas<\/li>\r\n        <li>Disponible de lunes a domingo<\/li>\r\n        <li>Aplicaci\u00f3n de pagos de 09:00 a 21:00<\/li>\r\n        <li>Servicio listo en m\u00e1ximo 4 horas<\/li>\r\n        <li>Soporte t\u00e9cnico completo<\/li>\r\n      <\/ul>\r\n    <\/div>\r\n  <\/div>\r\n\r\n  <!-- Form Section -->\r\n  <div class=\"ajtel-form-section\">\r\n    <h2 class=\"ajtel-form-title\">Solicita tu Alta Ahora<\/h2>\r\n    \r\n    <div id=\"ajtel-alert\" class=\"ajtel-alert\"><\/div>\r\n\r\n    <form class=\"ajtel-form-grid\" id=\"formRecargas\" onsubmit=\"enviarFormularioRecargas(event)\">\r\n      <div class=\"ajtel-form-group\">\r\n        <label class=\"ajtel-form-label\">Nombre Completo *<\/label>\r\n        <input type=\"text\" class=\"ajtel-form-input\" id=\"nombre_completo\" name=\"nombre_completo\" required>\r\n      <\/div>\r\n\r\n      <div class=\"ajtel-form-group\">\r\n        <label class=\"ajtel-form-label\">Nombre del Negocio *<\/label>\r\n        <input type=\"text\" class=\"ajtel-form-input\" id=\"nombre_negocio\" name=\"nombre_negocio\" required>\r\n      <\/div>\r\n\r\n      <div class=\"ajtel-form-group\">\r\n        <label class=\"ajtel-form-label\">Tel\u00e9fono (10 d\u00edgitos) *<\/label>\r\n        <input type=\"tel\" class=\"ajtel-form-input\" id=\"telefono\" name=\"telefono\" placeholder=\"ej: 5585265000\" required>\r\n      <\/div>\r\n\r\n      <div class=\"ajtel-form-group\">\r\n        <label class=\"ajtel-form-label\">Email *<\/label>\r\n        <input type=\"email\" class=\"ajtel-form-input\" id=\"email\" name=\"email\" required>\r\n      <\/div>\r\n\r\n      <div class=\"ajtel-form-group\">\r\n        <label class=\"ajtel-form-label\">Clientes estimados por d\u00eda<\/label>\r\n        <input type=\"number\" class=\"ajtel-form-input\" id=\"clientes_dia\" name=\"clientes_dia\" placeholder=\"ej: 50\">\r\n      <\/div>\r\n\r\n      <div class=\"ajtel-form-group\">\r\n        <label class=\"ajtel-form-label\">\u00bfTe interesa cobrar servicios?<\/label>\r\n        <select class=\"ajtel-form-select\" id=\"cobrar_servicios\" name=\"cobrar_servicios\">\r\n          <option>Selecciona una opci\u00f3n<\/option>\r\n          <option value=\"Si\">S\u00ed<\/option>\r\n          <option value=\"No\">No<\/option>\r\n        <\/select>\r\n      <\/div>\r\n\r\n      <div class=\"ajtel-form-group\">\r\n        <label class=\"ajtel-form-label\">\u00bfActualmente vendes recargas?<\/label>\r\n        <select class=\"ajtel-form-select\" id=\"vende_recargas\" name=\"vende_recargas\">\r\n          <option>Selecciona una opci\u00f3n<\/option>\r\n          <option value=\"Si\">S\u00ed<\/option>\r\n          <option value=\"No\">No<\/option>\r\n          <option value=\"Antes\">Antes lo ten\u00eda<\/option>\r\n        <\/select>\r\n      <\/div>\r\n\r\n      <div class=\"ajtel-form-group\">\r\n        <label class=\"ajtel-form-label\">Contrase\u00f1a *<\/label>\r\n        <input type=\"password\" class=\"ajtel-form-input\" id=\"contrasena\" name=\"contrasena\" placeholder=\"Elige tu contrase\u00f1a\" required>\r\n      <\/div>\r\n\r\n      <div class=\"ajtel-form-checkbox\">\r\n        <input type=\"checkbox\" id=\"terms\" name=\"terms\" required>\r\n        <label for=\"terms\">Acepto que nadie de la empresa me pedir\u00e1 datos sensibles ni personales y que el uso de los servicios de AJTEL se rige por la <a href=\"https:\/\/ajtel.net\/W\/privacidad\/\" target=\"_blank\" style=\"color: #1a73e8; text-decoration: underline;\">Pol\u00edtica de Privacidad<\/a><\/label>\r\n      <\/div>\r\n\r\n      <button type=\"submit\" class=\"ajtel-form-button\" id=\"btnEnviar\">Solicitar Alta \u2192<\/button>\r\n    <\/form>\r\n  <\/div>\r\n\r\n  <!-- CTA Section -->\r\n  <div class=\"ajtel-cta\">\r\n    <p>\u00bfListo para transformar tu negocio?<\/p>\r\n    <a href=\"https:\/\/ajtel.net\/W\/contacto\/\" class=\"ajtel-cta-button\">Cont\u00e1ctanos ahora \u2192<\/a>\r\n  <\/div>\r\n\r\n  <!-- Footer -->\r\n  <div class=\"ajtel-footer\">\r\n    <h3>Tu Negocio, Nuestro Crecimiento<\/h3>\r\n    <p>Conf\u00eda en AJTEL para aumentar tus ingresos con nuestro servicio de recargas celulares. Tu servicio estar\u00e1 listo en un m\u00e1ximo de 4 horas. \u00a1\u00danete a nuestros socios de negocio hoy!<\/p>\r\n  <\/div>\r\n<\/div>\r\n\r\n<script>\r\nfunction enviarFormularioRecargas(event) {\r\n  event.preventDefault();\r\n  \r\n  const btnEnviar = document.getElementById('btnEnviar');\r\n  const textoOriginal = btnEnviar.textContent;\r\n  btnEnviar.textContent = 'Enviando...';\r\n  btnEnviar.disabled = true;\r\n\r\n  const formData = new FormData(document.getElementById('formRecargas'));\r\n  formData.append('action', 'enviar_formulario_recargas');\r\n\r\n  \/\/ Guardar nombre en localStorage para la p\u00e1gina de gracias\r\n  const nombreCliente = document.getElementById('nombre_completo').value;\r\n  localStorage.setItem('nombreClienteRecargas', nombreCliente);\r\n\r\n  fetch(ajtel_ajax.ajaxurl, {\r\n    method: 'POST',\r\n    body: formData\r\n  })\r\n  .then(response => response.json())\r\n  .then(data => {\r\n    if (data.success) {\r\n      \/\/ Redirigir a p\u00e1gina de gracias\r\n      window.location.href = 'https:\/\/ajtel.net\/gracias-recargas';\r\n    } else {\r\n      mostrarAlerta(data.message, 'error');\r\n      btnEnviar.textContent = textoOriginal;\r\n      btnEnviar.disabled = false;\r\n    }\r\n  })\r\n  .catch(error => {\r\n    console.error('Error:', error);\r\n    mostrarAlerta('Error al enviar el formulario. Intenta nuevamente.', 'error');\r\n    btnEnviar.textContent = textoOriginal;\r\n    btnEnviar.disabled = false;\r\n  });\r\n}\r\n\r\nfunction mostrarAlerta(mensaje, tipo) {\r\n  const alert = document.getElementById('ajtel-alert');\r\n  alert.textContent = mensaje;\r\n  alert.className = 'ajtel-alert ajtel-alert-' + tipo;\r\n  alert.style.display = 'block';\r\n  \r\n  \/\/ Auto-ocultar despu\u00e9s de 5 segundos\r\n  setTimeout(() => {\r\n    alert.style.display = 'none';\r\n  }, 5000);\r\n}\r\n<\/script>\r\n\r\n<\/body>\r\n<\/html>\t\t\t\t<\/div>\n\t\t\t\t\t<\/div>\n\t\t<\/div>\n\t\t\t\t\t<\/div>\n\t\t<\/section>\n\t\t\t\t<\/div>\n\t\t","protected":false},"excerpt":{"rendered":"<p>SERVICIO DE RECARGAS CELULARES (MUNDIALES) y PROCESAMIENTO DE PAGOS Recargas &#8211; AJTEL Comunicaciones Recargas Celulares Vende recargas y cobra servicios con AJTEL Gana dinero con Recargas \u00bfTienes un negocio? Vende recargas y gana comisiones del 5% al 7% por cada recarga. \u00bfOrganizas un evento? Implementa un m\u00f3dulo de recargas y obt\u00e9n hasta un 6% de [&hellip;]<\/p>\n","protected":false},"author":1,"featured_media":0,"parent":0,"menu_order":0,"comment_status":"closed","ping_status":"closed","template":"","meta":{"advanced_seo_description":"","jetpack_seo_html_title":"","jetpack_seo_noindex":false,"footnotes":""},"class_list":["post-1239","page","type-page","status-publish","hentry"],"jetpack_sharing_enabled":true,"_links":{"self":[{"href":"https:\/\/ajtel.net\/W\/wp-json\/wp\/v2\/pages\/1239","targetHints":{"allow":["GET"]}}],"collection":[{"href":"https:\/\/ajtel.net\/W\/wp-json\/wp\/v2\/pages"}],"about":[{"href":"https:\/\/ajtel.net\/W\/wp-json\/wp\/v2\/types\/page"}],"author":[{"embeddable":true,"href":"https:\/\/ajtel.net\/W\/wp-json\/wp\/v2\/users\/1"}],"replies":[{"embeddable":true,"href":"https:\/\/ajtel.net\/W\/wp-json\/wp\/v2\/comments?post=1239"}],"version-history":[{"count":51,"href":"https:\/\/ajtel.net\/W\/wp-json\/wp\/v2\/pages\/1239\/revisions"}],"predecessor-version":[{"id":5854,"href":"https:\/\/ajtel.net\/W\/wp-json\/wp\/v2\/pages\/1239\/revisions\/5854"}],"wp:attachment":[{"href":"https:\/\/ajtel.net\/W\/wp-json\/wp\/v2\/media?parent=1239"}],"curies":[{"name":"wp","href":"https:\/\/api.w.org\/{rel}","templated":true}]}}